of 8 and 76.
4
What is the highest common factor of 765 and 51?
51
What is the highest common factor of 48 and 12?
12
What is the greatest common divisor of 54538 and 37?
37
Calculate the highest common divisor of 168 and 539.
7
What is the greatest common divisor of 90 and 18?
18
Calculate the greatest common factor of 195 and 18.
3
Calculate the highest common divisor of 630 and 14.
14
Calculate the highest common divisor of 612 and 588.
12
What is the greatest common factor of 352 and 66?
22
What is the highest common factor of 96 and 56?
8
What is the highest common divisor of 206 and 618?
206
Calculate the greatest common divisor of 525 and 84.
21
What is the greatest common divisor of 52 and 78?
26
Calculate the highest common divisor of 1395 and 45.
45
What is the greatest common divisor of 19 and 10925?
19
What is the greatest common factor of 94 and 2538?
94
Calculate the greatest common factor of 207 and 69.
69
What is the greatest common factor of 736 and 12?
4
What is the highest common divisor of 138 and 46?
46
Calculate the greatest common divisor of 84 and 224.
28
Calculate the greatest common divisor of 36 and 54.
18
What is the highest common factor of 4 and 52?
4
What is the highest common factor of 2788 and 136?
68
What is the greatest common factor of 4071 and 207?
69
Calculate the greatest common divisor of 198 and 6567.
33
Calculate the highest common factor of 896 and 32.
32
What is the highest common divisor of 220 and 320?
20
Calculate the highest common divisor of 73 and 25769.
73
What is the highest common divisor of 1353 and 33?
33
Calculate the highest common divisor of 5248 and 6.
2
What is the greatest common divisor of 174 and 2349?
87
What is the greatest common divisor of 244 and 5063?
61
Calculate the highest common divisor of 30 and 255.
15
What is the highest common divisor of 1111 and 11?
11
Calculate the highest common divisor of 35 and 77.
7
Calculate the highest common divisor of 388 and 18236.
388
Calculate the greatest common divisor of 2976 and 288.
96
What is the highest common divisor of 189 and 63?
63
Calculate the greatest common factor of 168 and 126.
42
What is the greatest common factor of 8 and 1320?
8
Calculate the greatest common divisor of 72 and 576.
72
Calculate the highest common divisor of 686 and 70.
14
Calculate the greatest common factor of 3813 and 369.
123
What is the highest common divisor of 2990 and 506?
46
What is the greatest common factor of 399 and 63?
21
Calculate the greatest common divisor of 6 and 44.
2
Calculate the greatest common factor of 115 and 8303.
23
What is the greatest common factor of 105 and 15?
15
Calculate the highest common divisor of 213 and 3.
3
What is the greatest common divisor of 19 and 37981?
19
Calculate the highest common factor of 54 and 81.
27
What is the greatest common divisor of 18 and 642?
6
What is the greatest common factor of 171 and 912?
57
Calculate the highest common divisor of 46 and 2599.
23
Calculate the highest common divisor of 5 and 305.
5
Calculate the greatest common divisor of 8 and 256.
8
Calculate the greatest common divisor of 243 and 189.
27
What is the greatest common factor of 340 and 2740?
20
Calculate the highest common factor of 342 and 9.
9
What is the highest common divisor of 20 and 340?
20
What is the greatest common factor of 6292 and 364?
52
What is the highest common factor of 55 and 15653?
11
What is the highest common divisor of 16 and 172?
4
What is the highest common divisor of 255 and 595?
85
Calculate the highest common divisor of 343 and 31.
1
Calculate the greatest common factor of 792 and 495.
99
What is the highest common divisor of 72 and 192?
24
Calculate the highest common factor of 1044 and 60.
12
Calculate the greatest common factor of 99 and 33.
33
What is the highest common divisor of 73 and 11?
1
Calculate the greatest common divisor of 1343 and 79.
79
What is the highest common factor of 9 and 23?
1
Calculate the greatest common divisor of 801 and 18.
9
Calculate the greatest common divisor of 119 and 1029.
7
Calculate the greatest common factor of 20 and 65.
5
What is the greatest common factor of 1872 and 12?
12
Calculate the highest common divisor of 25330 and 1192.
298
Calculate the highest common factor of 45 and 405.
45
Calculate the highest common divisor of 510 and 8075.
85
Calculate the greatest common divisor of 264 and 968.
88
Calculate the greatest common factor of 451 and 164.
41
What is the highest common factor of 1496 and 152?
8
Calculate the highest common factor of 65 and 585.
65
What is the highest common divisor of 12 and 195?
3
What is the greatest common divisor of 432 and 336?
48
Calculate the highest common divisor of 408 and 24.
24
What is the highest common divisor of 1339 and 206?
103
What is the highest common divisor of 184 and 46?
46
What is the highest common divisor of 530 and 10?
10
What is the highest common divisor of 3456 and 1566?
54
Calculate the greatest common factor of 755 and 1359.
151
Calculate the highest common divisor of 624 and 324.
12
What is the highest common divisor of 96 and 3792?
48
What is the highest common divisor of 116 and 174?
58
What is the greatest common factor of 135 and 432?
27
What is the greatest common divisor of 196 and 154?
14
What is the highest common factor of 1568 and 1127?
49
Calculate the highest common factor of 17392 and 16.
16
Calculate the greatest common divisor of 889 and 14.
7
What is the highest common divisor of 72 and 684?
36
Calculate the greatest common divisor of 14504 and 888.
296
What is the greatest common divisor of 133 and 28?
7
What is the highest common factor of 2 and 14?
2
What is the highest common divisor of 7 and 1183?
7
Calculate the greatest common divisor of 152 and 646.
38
Calculate the greatest common factor of 2930 and 10.
10
Calculate the greatest common divisor of 3416 and 122.
122
What is the highest common divisor of 752 and 16?
16
Calculate the greatest common divisor of 624 and 1664.
208
What is the greatest common factor of 9064 and 88?
88
Calculate the highest common factor of 124 and 1271.
31
Calculate the highest common factor of 14664 and 94.
94
Calculate the highest common factor of 50 and 470.
10
What is the highest common divisor of 42 and 14?
14
What is the highest common divisor of 84 and 476?
28
Calculate the greatest common factor of 6 and 14.
2
What is the greatest common factor of 1800 and 12?
12
What is the highest common factor of 312 and 24?
24
What is the greatest common factor of 60 and 3320?
20
Calculate the highest common divisor of 66 and 12.
6
Calculate the highest common factor of 294 and 490.
98
Calculate the greatest common divisor of 583 and 3657.
53
Calculate the highest common factor of 108 and 1053.
27
Calculate the greatest common divisor of 741 and 9.
3
What is the greatest common divisor of 1014 and 52?
26
What is the highest common divisor of 625 and 1375?
125
Calculate the greatest common divisor of 320 and 50.
10
What is the highest common divisor of 6 and 6582?
6
Calculate the greatest common factor of 10506 and 51.
51
What is the greatest common divisor of 1781 and 13?
13
Calculate the highest common factor of 373 and 2.
1
What is the highest common factor of 376 and 16?
8
What is the greatest common divisor of 649 and 11?
11
What is the greatest common divisor of 3570 and 182?
14
Calculate the greatest common factor of 28 and 4732.
28
What is the highest common factor of 14 and 105?
7
Calculate the highest common factor of 99 and 2343.
33
Calculate the greatest common divisor of 3616 and 339.
113
What is the highest common factor of 77 and 88?
11
What is the greatest common factor of 2992 and 352?
176
What is the greatest common factor of 35 and 4480?
35
What is the greatest common factor of 2106 and 104?
26
What is the greatest common divisor of 295 and 177?
59
What is the highest common factor of 1685 and 5?
5
Calculate the greatest common factor of 144 and 45.
9
What is the greatest common factor of 1330 and 630?
70
What is the greatest common factor of 767 and 182?
13
Calculate the highest common factor of 26 and 546.
26
What is the highest common divisor of 493 and 1160?
29
What is the greatest common divisor of 572 and 8437?
143
Ca